s digit of p?
2
Let n = 15723 - -26725. What is the hundreds digit of n?
4
Let u = -16 - -22. What is the tens digit of u/(-12)*8 - -281?
7
Let s = 60 + -58. Suppose 9*r + 2 = s. Suppose -12*h + 398 + 886 = r. What is the units digit of h?
7
Suppose 12*k - 186296 = -61244. What is the units digit of k?
1
What is the tens digit of (265/(-530))/(1/(-39422))?
1
Suppose -4*l + 5072 = -33*r + 36*r, -5*l + 6321 = -r. Let q = l + 487. What is the tens digit of q?
5
Suppose -y + 4*s + 930 = 0, -349 = -2*y - s + 1547. Let g = y - 651. What is the tens digit of g?
9
Let g(s) = 4*s**3 - 88*s**2 + 49*s - 12. Let p(v) = 6*v**3 - 132*v**2 + 73*v - 18. Let l(i) = -8*g(i) + 5*p(i). What is the hundreds digit of l(21)?
3
Let a(r) = r**2 + 37*r + 6. Let q be a(-37). Suppose -q*s + 3896 = -88. What is the hundreds digit of s?
6
Suppose 3*r = -r + 4836. Let g = r + -776. Let j = g - 194. What is the units digit of j?
9
Let l = -26 + -554. Let p = l - -619. What is the units digit of p?
9
Let h = -140 - -146. What is the units digit of (16/h)/(20/9 - 2)?
2
What is the units digit of 7379 - (3/6)/((-6)/(-84))?
2
Let t(v) = -2*v**2 - 43*v + 55. Let g be t(-34). What is the tens digit of g/(-20) - (-8)/32?
4
Let g(x) = -x**2 - 21*x + 11. Let u be g(-9). Suppose -2*m + u = -79. Suppose p - m = 4*o, 5*o + 135 = 2*p - 57. What is the units digit of p?
1
Let l(w) = -w**3 + 2*w**2 + 5*w + 2. Suppose -y + 20 = 5*k, 4*k - 5*y = -k + 20. Let o be l(k). What is the tens digit of 4/10 + (-526)/o?
5
Let n(m) = m**3 - 58*m + 15 + 61*m + 0*m**3 - 5*m**2 - 3*m**2. What is the tens digit of n(9)?
2
Let z(v) be the third derivative of 33*v**4/4 + v**3/2 - 23*v**2. Let t be z(1). Suppose -5*j = -t - 159. What is the tens digit of j?
7
Let z(j) = 2*j + 10. Let m = 309 - 495. Let h be (m/(-12))/(1/2). What is the tens digit of z(h)?
7
Let z be (-4)/28*-2 - 29850/(-42). Suppose b + 4*v + 108 - z = 0, 3*b - 1869 = 3*v. What is the hundreds digit of b?
6
Let m(o) = o**3 - 17*o**2 + 17*o - 67. Let x be m(15). Let p = 534 + x. What is the hundreds digit of p?
2
Let a(k) = -3*k + 16. Let o be a(6). Let h(r) = 3 + 2 - 22*r - 17*r - 4*r. What is the units digit of h(o)?
1
Let c = -1435 - -3450. Suppose c + 4497 = 22*v. What is the hundreds digit of v?
2
What is the hundreds digit of -2*((-141099)/14 - (-3 + -7))?
1
What is the thousands digit of (4/(-14))/(256/(-22400896))?
5
Suppose -5*r = p - 40638, 8124 = -20*r + 21*r + 2*p. What is the units digit of r?
8
Let d = -33740 - -72247. What is the ten thousands digit of d?
3
Suppose -89*k = -106*k + 336107. What is the tens digit of k?
7
Suppose 11 = -7*z - 31. Let r(i) = -i**3 - 5*i**2 + i + 6. What is the tens digit of r(z)?
3
What is the thousands digit of 12792 - 4 - -10 - 7?
2
Let i(p) = 28*p + 20. Let j(o) = 2*o**2 + 12*o - 4. Let g be ((-1)/(-2))/((-58)/28 - -2). Let w be j(g). What is the tens digit of i(w)?
0
Let v be (-1)/(19/2) - 2773/(-893). Suppose 0 = -s + 5*h + 604, -4*h = -v*s + 584 + 1184. What is the units digit of s?
4
Let p(x) be the second derivative of x**3/6 + 47*x**2 - 59*x - 2. What is the tens digit of p(-15)?
7
Let k(b) be the second derivative of -b**4/12 - 32*b**3/3 - 143*b**2/2 + 19*b. What is the units digit of k(-40)?
7
Let x(m) = 64*m**2 - 291*m + 264. What is the thousands digit of x(23)?
7
Let t be 1 - (54/(-9) - -5). Suppose -4*c = x - 1013, -3*x + 2*c + 995 = -t*x. What is the units digit of x?
1
Suppose 3*y = 9*y + 90. Let c(w) = 2*w**3 + 30*w**2 + 4. Let p be c(y). Suppose 13 = 9*t + p. What is the units digit of t?
1
Let y = 13365 - 6092. What is the hundreds digit of y?
2
Suppose -8*k - 13 = 3. What is the hundreds digit of 8424/20 + 2/(k - 8)?
4
Let o be (-6 - -2 - 0) + 605. Suppose o = 2*n - 225. What is the tens digit of n?
1
Let u be (5*13)/(-3*(-9)/(-270)). Let p = 1107 + u. What is the hundreds digit of p?
4
Suppose 0 = -4*j + 2*r + 4, -3*j + 12 = -9*r + 12*r. Suppose j*q + 12*z = 17*z + 1134, 5*q = 2*z + 2877. What is the tens digit of q?
7
Let v(g) = -g**2 - 6*g + 5. Let q be v(-6). Suppose -2*w + q*w = 1332. Suppose 0 = -3*t - t + w. What is the hundreds digit of t?
1
Let s(l) = l**3 + l**2 + 2*l + 647. Let i be s(0). Let j = -479 + i. What is the units digit of j?
8
Let m(b) = -4*b**3 - 2*b**2 - 11*b + 49. Let n be m(6). Let j = 1672 + n. What is the hundreds digit of j?
7
Suppose -38178 = -5*z + 3*z + 2*k, -2*z + 7*k = -38178. What is the units digit of z?
9
Suppose 0 = 4*w - 20, -2*m + 2*w - 14 = -8. What is the tens digit of -4 + 672/4 - (m + -6)?
6
Let s(m) = m**2 - 21*m - 6. Suppose 2*f = 4*n - 88, 3*f + 110 = 2*n + 3*n. What is the units digit of s(n)?
6
Let j = 13669 + 20526. What is the hundreds digit of j?
1
Suppose 344*b - 1584 = 338*b. Let z = 1844 - b. What is the thousands digit of z?
1
Let h(o) = -303*o - o**2 - 323*o + 0*o**2 - 22 + 594*o. What is the hundreds digit of h(-25)?
1
Let n(o) be the third derivative of 7*o**5/4 + o**4/8 + 2*o**2 - o. What is the tens digit of n(-2)?
1
What is the hundreds digit of (-18)/(198/(-55)) + 29717?
7
Suppose 0*h = -4*h + 1104. Suppose 2*z - 5*c - 361 = -79, 2*z - 2*c = h. Suppose j + z = 4*j - n, 0 = -3*j - 4*n + 146. What is the units digit of j?
6
Let s(j) = j**3 + 5*j**2 + 14. Let i be s(-5). Let p be ((-1)/(i/(-12)))/((-9)/(-63)). Let f(b) = 24*b + 4. What is the hundreds digit of f(p)?
1
Let t be (-1 - -16 - -3) + -3. Let d = -24 + t. What is the units digit of (0 + (-6)/d)*60?
0
Let g = 5651 + -2846. Suppose -3*x + g = 4*w, 3*w = 4*w + 3. What is the units digit of x?
9
Suppose 5*v + 24 = 4*i, 0 = -16*i + 17*i - 1. What is the units digit of (16/12)/v - 3342/(-9)?
1
Suppose -40 + 120 = f + 5*c, -4*f - 2*c + 248 = 0. Let y = f - -264. Suppose 4*k + y = 2*a, a - 3*k + 4*k - 177 = 0. What is the tens digit of a?
7
Suppose -37*w - 3*w + 84320 = 0. Suppose 12668 = 40*s + w. What is the hundreds digit of s?
2
What is the hundreds digit of -3*(9/(-12))/((-90)/(-190480))?
7
Let k(u) = -17*u + 6. Let t be ((-21)/6 + 3)*2 - 1. Let g be k(t). Let q = g - 9. What is the tens digit of q?
3
Let q = 19783 - -14806. What is the thousands digit of q?
4
Let x(y) = y**3 - y**2 + 3*y. Let h be x(0). Suppose -3*l - 222 - 306 = h. Let k = 83 - l. What is the units digit of k?
9
Let g be (-10*5/20)/((-1)/2). Let q = 142 + -140. Suppose 2*y = -g*o - y + 191, q*o + 3*y - 80 = 0. What is the tens digit of o?
3
Let l(s) = 401*s - 315. What is the tens digit of l(15)?
0
Let u(m) = 4*m**2 - 3*m**3 + 16 - 15 + 12*m**3 - 7*m - 4*m**2. What is the thousands digit of u(5)?
1
Let s be 0/(-5 + (8 - 4)) + -15. What is the units digit of 4030/s*15/(-10)?
3
Let j = 131 - -42. Let w = j + 181. What is the hundreds digit of w?
3
Suppose -3*r + 2*n = -4*r + 38, -3*r + 5*n = -92. Suppose r*m = 53*m - 3952. What is the hundreds digit of m?
2
Suppose 16 - 6 = 5*u, 24111 = 5*a + 3*u. What is the tens digit of a?
2
Let y = 1241 - 470. What is the tens digit of y?
7
Let v = -135 - -113. Let f = 56 - v. What is the tens digit of f?
7
Suppose -2*p = 2*p - 320. Suppose 5*v - p = 3*n + 149, -2*n + 4*v = 150. Let i = 15 - n. What is the units digit of i?
8
Let k(x) = 5*x**2 - 4*x - 9. Let z(i) = 4*i**2 - 4*i - 8. Let r(w) = -3*k(w) + 4*z(w). Let t be 10 - (4/(-2))/2. What is the tens digit of r(t)?
7
Let x be (3*-12)/(-1)*19/2. Let g = x - 165. What is the hundreds digit of g?
1
Let i(a) = 42*a**2 - 7*a + 49. Let s be i(-7). Suppose 0 = -12*q + 8*q + s. What is the units digit of q?
9
Suppose -17*d - 1498224 - 2053296 = -115*d. What is the tens digit of d?
4
Suppose 24*g - 239 = 25*g. Suppose 5*r + 1218 = 368. Let l = r - g. What is the tens digit of l?
6
Let q be 3/(-9) + (-4372)/(-12). Suppose 102 = -2*z + q. What is the tens digit of z?
3
Suppose -s + 83 = 2*z - 447, s - 530 = 5*z. What is the tens digit of (-4 - (6 + -6)) + s?
2
Suppose 318*w - 268*w = 361850. What is the tens digit of w?
3
Let h(p) = -14*p + 51. Let z be h(3). What is the tens digit of ((-261)/z)/((-5)/90)?
2
Suppose 6*z + 371 = 3377. Suppose z + 122 = 7*g. Suppose -3*o + g = -118. What is the units digit of o?
9
Let z be (1 - -1727) + (-36)/(-6). Suppose z = 6*v - 180. What is the hundreds digit of v?
3
Let g(r) = -11*r**3 - 64*r**2 + 45*r + 4. Let v(u) = -4*u**3 - 22*u**2 + 15*u + 1. Let x(n) = -3*g(n) + 8*v(n